List the prime factors of 617307.
3, 149, 1381
What are the prime factors of 340163?
31, 10973
What are the prime factors of 215093?
29, 7417
List the prime factors of 241151.
239, 1009
What are the prime factors of 2228921?
17, 131113
What are the prime factors of 4238519?
4238519
What are the prime factors of 1359020?
2, 5, 13, 5227
List the prime factors of 209925.
3, 5, 311
What are the prime factors of 106734?
2, 3, 17789
List the prime factors of 81370.
2, 5, 79, 103
What are the prime factors of 157884?
2, 3, 59, 223
What are the prime factors of 172581?
3, 57527
What are the prime factors of 2456290?
2, 5, 245629
What are the prime factors of 6405797?
6405797
What are the prime factors of 123070?
2, 5, 31, 397
List the prime factors of 3793176.
2, 3, 17, 1033
What are the prime factors of 17124400?
2, 5, 31, 1381
List the prime factors of 67510.
2, 5, 43, 157
List the prime factors of 7294422.
2, 3, 101, 12037
What are the prime factors of 4873121?
11, 443011
What are the prime factors of 231085?
5, 113, 409
List the prime factors of 12007241.
347, 34603
List the prime factors of 499323.
3, 11, 15131
List the prime factors of 27355127.
3023, 9049
List the prime factors of 19971203.
7, 1061, 2689
What are the prime factors of 1689808?
2, 105613
What are the prime factors of 1760537?
17, 103561
List the prime factors of 29461.
17, 1733
What are the prime factors of 12706646?
2, 1553, 4091
List the prime factors of 7266570.
2, 3, 5, 43, 131
List the prime factors of 5311240.
2, 5, 11, 12071
What are the prime factors of 2552987?
2552987
List the prime factors of 4499830.
2, 5, 97, 4639
What are the prime factors of 1969541?
7, 281363
What are the prime factors of 788687?
788687
What are the prime factors of 14349966?
2, 3, 491, 4871
List the prime factors of 749724.
2, 3, 62477
List the prime factors of 261983.
261983
List the prime factors of 4256604.
2, 3, 11, 3583
What are the prime factors of 5881763?
113, 52051
List the prime factors of 2992592.
2, 53, 3529
What are the prime factors of 3875454?
2, 3, 11, 23, 37
What are the prime factors of 6134037?
3, 7, 13, 22469
What are the prime factors of 967268?
2, 241817
List the prime factors of 154024.
2, 13, 1481
List the prime factors of 297962.
2, 7, 21283
What are the prime factors of 13610058?
2, 3, 7, 11, 89, 331
List the prime factors of 1261770.
2, 3, 5, 137, 307
List the prime factors of 5271933.
3, 1757311
List the prime factors of 216347.
216347
What are the prime factors of 2972011?
7, 424573
What are the prime factors of 2627089?
283, 9283
List the prime factors of 1384705.
5, 7, 39563
What are the prime factors of 365385?
3, 5, 24359
What are the prime factors of 1573611?
3, 13, 157, 257
List the prime factors of 404367.
3, 134789
What are the prime factors of 525055?
5, 173, 607
What are the prime factors of 232898?
2, 23, 61, 83
List the prime factors of 5899956.
2, 3, 19, 113, 229
List the prime factors of 1632228.
2, 3, 13, 10463
List the prime factors of 1608535.
5, 321707
List the prime factors of 999755.
5, 59, 3389
List the prime factors of 27516894.
2, 3, 4586149
What are the prime factors of 192573?
3, 21397
List the prime factors of 8349745.
5, 107, 15607
List the prime factors of 641411.
641411
List the prime factors of 322657.
307, 1051
List the prime factors of 116168.
2, 13, 1117
What are the prime factors of 3963298?
2, 1981649
List the prime factors of 2300628.
2, 3, 11, 29, 601
What are the prime factors of 861721?
7, 257, 479
What are the prime factors of 296037?
3, 7, 37, 127
List the prime factors of 2242093.
7, 45757
What are the prime factors of 1518018?
2, 3, 253003
What are the prime factors of 157627?
157627
List the prime factors of 329131.
11, 29921
What are the prime factors of 4906208?
2, 153319
List the prime factors of 2619438.
2, 3, 31, 14083
List the prime factors of 9078084.
2, 3, 252169
What are the prime factors of 133428?
2, 3, 11119
What are the prime factors of 2851262?
2, 61, 23371
List the prime factors of 224540.
2, 5, 103, 109
List the prime factors of 2431067.
79, 30773
What are the prime factors of 11991668?
2, 13, 31, 43, 173
List the prime factors of 398146.
2, 7, 28439
What are the prime factors of 13636921?
283, 48187
List the prime factors of 4784806.
2, 13, 184031
List the prime factors of 347134.
2, 37, 4691
List the prime factors of 22797.
3, 17, 149
List the prime factors of 9150769.
73, 125353
What are the prime factors of 211857?
3, 70619
List the prime factors of 17603619.
3, 11, 17, 31379
List the prime factors of 378234.
2, 3, 21013
What are the prime factors of 2806883?
347, 8089
What are the prime factors of 3465877?
29, 119513
List the prime factors of 2128272.
2, 3, 101, 439
List the prime factors of 14569811.
14569811
What are the prime factors of 16462570?
2, 5, 67, 24571
List the prime factors of 154737.
3, 11, 521
What are the prime factors of 120113?
7, 17159
List the prime factors of 535.
5, 107
What are the prime factors of 1110346?
2, 43, 12911
List the prime factors of 697556.
2, 174389
List the prime factors of 121112.
2, 15139
What are the prime factors of 2706431?
7, 13, 29741
What are the prime factors of 3784576?
2, 29567
List the prime factors of 24255522.
2, 3, 487, 2767
List the prime factors of 13451438.
2, 7, 11, 13, 6719
What are the prime factors of 28478323?
28478323
What are the prime factors of 1091733?
3, 363911
What are the prime factors of 3389783?
17, 199399
What are the prime factors of 31874?
2, 15937
What are the prime factors of 1079819?
13, 83063
List the prime factors of 1581547.
11, 61, 2357
List the prime factors of 173251.
13, 13327
List the prime factors of 991954.
2, 41, 12097
List the prime factors of 681265.
5, 13, 47, 223
What are the prime factors of 1267987?
7, 181141
What are the prime factors of 1581639?
3, 37, 14249
What are the prime factors of 198652?
2, 49663
List the prime factors of 208366.
2, 104183
List the prime factors of 233481.
3, 223, 349
List the prime factors of 266559.
3, 88853
What are the prime factors of 121320?
2, 3, 5, 337
What are the prime factors of 4881704?
2, 23, 43, 617
List the prime factors of 574859.
574859
What are the prime factors of 7884110?
2, 5, 13, 60647
List the prime factors of 2583605.
5, 516721
What are the prime factors of 1147861?
11, 13, 23, 349
What are the prime factors of 7279886?
2, 991, 3673
List the prime factors of 7720716.
2, 3, 37, 17389
List the prime factors of 716082.
2, 3, 23, 5189
What are the prime factors of 8495887?
8495887
What are the prime factors of 94836?
2, 3, 7, 1129
List the prime factors of 1070754.
2, 3, 47, 3797
List the prime factors of 7605679.
7605679
List the prime factors of 107215.
5, 41, 523
List the prime factors of 7796263.
7796263
What are the prime factors of 34080793?
34080793
List the prime factors of 37753504.
2, 1179797
List the prime factors of 522516.
2, 3, 43543
List the prime factors of 14119793.
19, 39113
List the prime factors of 5423.
11, 17, 29
List the prime factors of 4025282.
2, 2012641
What are the prime factors of 1800580?
2, 5, 197, 457
What are the prime factors of 161782?
2, 23, 3517
List the prime factors of 116049.
3, 101, 383
What are the prime factors of 472521?
3, 7, 22501
List the prime factors of 598864.
2, 7, 5347
List the prime factors of 1359584.
2, 42487
List the prime factors of 328676.
2, 127, 647
What are the prime factors of 693847?
7, 11, 9011
What are the prime factors of 20041?
7, 409
What are the prime factors of 187454?
2, 19, 4933
List the prime factors of 153469.
153469
What are the prime factors of 70131?
3, 97, 241
What are the prime factors of 2160121?
53, 769
What are the prime factors of 3793367?
23, 131, 1259
List the prime factors of 26240.
2, 5, 41
What are the prime factors of 39701977?
7, 151, 37561
What are the prime factors of 64786?
2, 29, 1117
What are the prime factors of 5188402?
2, 73, 35537
What are the prime factors of 614864?
2, 83, 463
List the prime factors of 21734595.
3, 5, 160997
List the prime factors of 35950210.
2, 5, 1289, 2789
What are the prime factors of 549494?
2, 11, 24977
What are the prime factors of 1270712?
2, 193, 823
What are the prime factors of 3658914?
2, 3, 7, 71, 409
List the prime factors of 468